hat is -1112 - 0?
-1112
In base 6, what is -515 + 152545?
152030
In base 6, what is 115 - 325230?
-325111
In base 13, what is -47742 + 1?
-47741
In base 15, what is -a84b - 9?
-a855
In base 6, what is 15154214 + 5?
15154223
In base 16, what is -3 - -5f9?
5f6
In base 14, what is 53 + -77?
-24
In base 3, what is -1120011122 - 12?
-1120011211
In base 15, what is 730 - -39?
769
In base 14, what is -1115 + 6?
-110d
In base 10, what is 0 - -13071?
13071
In base 5, what is -41423 - -24?
-41344
In base 7, what is 135542 + -15?
135524
In base 11, what is 1 + 10284a?
102850
In base 13, what is 14338 + -1?
14337
In base 9, what is 4014150 - 2?
4014147
In base 7, what is 364225 - -1?
364226
In base 13, what is 0 - -22967?
22967
In base 16, what is 4 + -aa3?
-a9f
In base 14, what is 6 - 2c5d?
-2c57
In base 10, what is -416 + -98?
-514
In base 3, what is -12121110101 + 11?
-12121110020
In base 7, what is -21636 + -5?
-21644
In base 9, what is -4 - -31722?
31717
In base 13, what is -4b0 - 1a6?
-686
In base 15, what is 22d + -4b?
1d2
In base 5, what is 3002332 - 2?
3002330
In base 15, what is 2d + -46?
-18
In base 3, what is 2120012110 - -12?
2120012122
In base 10, what is -3655 - -48?
-3607
In base 13, what is a4a3 + 0?
a4a3
In base 3, what is -120121 + -212?
-121110
In base 16, what is -4d6 + -7c?
-552
In base 7, what is 413300 + 5?
413305
In base 13, what is -4c0 + a?
-4b3
In base 4, what is -1232 + -2331010?
-2332302
In base 6, what is 2 + -445415?
-445413
In base 7, what is -21 - -13020?
12666
In base 5, what is -10423224 + -11?
-10423240
In base 16, what is -5 + -1040?
-1045
In base 13, what is 180 - -9?
189
In base 9, what is 1105040 + 5?
1105045
In base 12, what is -80 + -24693?
-24753
In base 7, what is -3 + 256554?
256551
In base 12, what is 11a - -1100?
121a
In base 5, what is -10 + -240144?
-240204
In base 9, what is 18555 + 55?
18621
In base 6, what is -143550 + 102?
-143444
In base 4, what is 220 - 13103?
-12223
In base 5, what is -1 - 1033?
-1034
In base 16, what is -4e91 - -1?
-4e90
In base 10, what is 3058 + -199?
2859
In base 7, what is -1013252 + -3?
-1013255
In base 3, what is -21 + -102111222?
-102112020
In base 15, what is -2 + -8d1a?
-8d1c
In base 4, what is 11 + 22302?
22313
In base 16, what is -506 - -1c7?
-33f
In base 9, what is -2 - -537361?
537358
In base 16, what is 40f + 4?
413
In base 12, what is -36a2 - 7?
-36a9
In base 13, what is -81b + -7?
-825
In base 13, what is 2 + -2ba9?
-2ba7
In base 9, what is -1370 - -7?
-1362
In base 7, what is -10421 + 1431?
-5660
In base 2, what is -101 - -1000111111111110001?
1000111111111101100
In base 12, what is 4b788 - -4?
4b790
In base 14, what is d5b7 + -2b?
d58a
In base 7, what is -34360 - 212?
-34602
In base 16, what is 1 + -1e15?
-1e14
In base 7, what is -4 + -53646?
-53653
In base 5, what is 131320 - 24?
131241
In base 15, what is 8 + 647?
650
In base 16, what is 112a - -18?
1142
In base 3, what is 222021000 + 221?
222021221
In base 10, what is -29385 + -5?
-29390
In base 10, what is 15 + 165?
180
In base 5, what is -3 + -23024?
-23032
In base 12, what is 21588 + -5?
21583
In base 3, what is 10 - 22002002211?
-22002002201
In base 4, what is -1111 - -202302?
201131
In base 7, what is -1041 + 215?
-523
In base 12, what is 587b - 45?
5836
In base 6, what is -2 + 305310?
305304
In base 6, what is 2440 + -14135?
-11255
In base 3, what is -22112 - -112101012?
112001200
In base 5, what is -2303302240 + -1?
-2303302241
In base 15, what is 0 - 67d4?
-67d4
In base 7, what is 5055232 + 5?
5055240
In base 11, what is 24 + 11061?
11085
In base 9, what is -10561 + 185?
-10365
In base 15, what is -a23b + -c?
-a248
In base 7, what is -2563 + -2333?
-5226
In base 7, what is -2402 - 6413?
-12115
In base 4, what is 113023 - -101?
113130
In base 8, what is 7 - 251262?
-251253
In base 8, what is 3471 + -51?
3420
In base 6, what is -52105 - 2?
-52111
In base 4, what is 10 + -1201300?
-1201230
In base 6, what is -1314 - -23355?
22041
In base 16, what is -127c5 + -2f?
-127f4
In base 9, what is 3 + 264805?
264808
In base 15, what is -d - -55b1?
55a3
In base 15, what is -18582 - 0?
-18582
In base 4, what is 21303 + 131?
22100
In base 9, what is 51838 - 4?
51834
In base 9, what is -3 - -36458?
36455
In base 5, what is 31 + 100202324?
100202410
In base 2, what is -1111 + -1110111001?
-1111001000
In base 9, what is 2853052 + 0?
2853052
In base 13, what is -1476 - 214?
-168a
In base 6, what is 2401 + 3?
2404
In base 12, what is 14 - 9259?
-9245
In base 12, what is -8 - 12bb?
-1307
In base 4, what is 10 - -3102010?
3102020
In base 10, what is 1704 - -36?
1740
In base 2, what is 100101010111 - 11111?
100100111000
In base 7, what is -2 + -165425?
-165430
In base 16, what is 1 - 56ce?
-56cd
In base 3, what is 211 + 112220010?
112220221
In base 7, what is -3204101 - -3?
-3204065
In base 8, what is -43 + 401040?
400775
In base 2, what is 110111010100001000 + 100?
110111010100001100
In base 13, what is -5c7b + 12?
-5c69
In base 10, what is 929 + 5?
934
In base 7, what is 6522 - 332?
6160
In base 7, what is -1262632 + 3?
-1262626
In base 9, what is 18586 - -11?
18607
In base 4, what is 0 - 110013?
-110013
In base 13, what is -10 - -1b6?
1a6
In base 14, what is 3bbc3 + 2?
3bbc5
In base 16, what is -4 - -2d75?
2d71
In base 6, what is -35413 - 5443?
-45300
In base 12, what is -28bb55 + 3?
-28bb52
In base 13, what is -1 - -16374?
16373
In base 4, what is 22103231313 + -11?
22103231302
In base 4, what is -1302 + -1112?
-3020
In base 6, what is 43441311 - 2?
43441305
In base 6, what is 12423 - -11?
12434
In base 2, what is -101 + -1000010111100?
-1000011000001
In base 5, what is -11101 - 1314?
-12420
In base 13, what is 2 - 52cb?
-52c9
In base 13, what is -7 + 691?
687
In base 11, what is -193a - 46?
-1985
In base 8, what is 455702 - -4?
455706
In base 2, what is -11 + -110110010100110100000?
-110110010100110100011
In base 13, what is 4c78 - -12?
4c8a
In base 6, what is -411025 - 0?
-411025
In base 15, what is -41 - -247?
206
In base 11, what is -2 - -86018?
86016
In base 3, what is 1 + 102010221?
102010222
In base 16, what is -76 - -fa0?
f2a
In base 8, what is 4 - -47122?
47126
In base 13, what is 73b + 57?
795
In base 11, what is -9 + -934a?
-9358
In base 3, what is 22211020 - -12020?
100000110
In base 2, what is -10001001111000 + -100?
-10001001111100
In base 12, what is -1b40 - 6?
-1b46
In base 15, what is 5a + 42a?
485
In base 5, what is -13 + 32322?
32304
In base 10, what is 53 + -13822?
-13769
In base 7, what is -2215634 - 3?
-2215640
In base 13, what is 5198 - -5?
51a0
In base 8, what is 7660315 + -1?
7660314
In base 9, what is 40 + 36621?
36661
In base 3, what is -110222 + 12002?
-21220
In base 15, what is -4 + -2670e?
-26713
In base 12, what is -11b + 2996?
2877
In base 2, what is 10010 - 1000110110011111001?
-1000110110011100111
In base 3, what is 10110210022 + 11?
10110210110
In base 6, what is 12 + 13205?
13221
In base 12, what is 4 + -343?
-33b
In base 9, what is 272 - -7328?
7611
In base 8, what is 12207 + -51?
12136
In base 14, what is 3 - -1d7792?
1d7795
In base 14, what is 316 - -2?
318
In base 15, what is -1b - 3b1?
-3cc
In base 13, what is 12 + a19?
a2b
In base 3, what is -1200120 + -12110?
-1220000
In base 3, what is -122111012120 - 10?
-122111012200
In base 11, what is -3539 + -4?
-3542
In base 7, what is -205312 + 4?
-205305
In base 2, what is -110101 + -100000011?
-100111000
In base 6, what is 0 + -53452?
-53452
In base 14, what is -2b7d5 + 9?
-2b7ca
In base 4, what is -2021 - -1211?
-210
In base 5, what is -1111324033 + -4?
-1111324042
In base 16, what is -3 - 164cd?
-164d0
In base 13, what is 2 - -11c9?
11cb
In base 8, what is 5 + 310626?
310633
In base 8, what is 16117 + 23?
16142
In base 3, what is -20012120111 + 2?
-20012120102
In base 15, what is -1 + 10c0b?
10c0a
In base 7, what is -525644 + -62?
-526036
In base 11, what is 3 + -605808?
-605805
In base 3, what is -10 + -120101101?
-120101111
In base 8, what is -12 - 51467?
-51501
In base 16, what is -4 - -33?
2f
In base 2, what is -1010100010010011 - -1?
-1010100010010010
In base 9, what is -30 - -11582?
11552
In base 3, what is -2002111010 - 1?
-2002111011
In base 16, what is b90 + -27b?
915
In base 9, what is -6 - 22573?
-22580
In base 3, what